of 1716943945?
False
Does 1708 divide 1687888?
False
Does 306 divide 61440257?
False
Is 61 a factor of 120521299?
True
Is 701 a factor of 1270504317?
True
Is 2735624240 a multiple of 3820?
True
Is 4880 a factor of 2110063695?
False
Does 11 divide 186831524?
True
Does 1608 divide 2178502320?
True
Is 237022709 a multiple of 77?
True
Does 12 divide 51965736?
True
Is 435409 a multiple of 9?
False
Does 152 divide 303603888?
True
Is 3265337 a multiple of 69?
False
Does 1970 divide 496451820?
True
Does 589 divide 50718492?
False
Does 12 divide 4001520113?
False
Does 4663 divide 332998819?
True
Is 265476490 a multiple of 3?
False
Is 2460 a factor of 310007731?
False
Does 512 divide 1512124268?
False
Does 5076 divide 41108894?
False
Is 129534315 a multiple of 458?
False
Does 512 divide 2770964927?
False
Is 4181997482 a multiple of 1050?
False
Does 8753 divide 196101197?
False
Is 27 a factor of 36782208?
True
Does 445 divide 13151530?
True
Is 140 a factor of 174791960?
True
Is 10 a factor of 155072574?
False
Does 130 divide 323666720?
True
Is 16885583 a multiple of 209?
False
Does 16 divide 6283471?
False
Does 231 divide 746253816?
True
Is 6956928 a multiple of 96?
True
Is 960 a factor of 441303360?
True
Does 30 divide 64791330?
True
Is 88941840 a multiple of 870?
True
Does 270 divide 183971587?
False
Is 536433440 a multiple of 13?
False
Is 41338468 a multiple of 916?
False
Does 7594 divide 2319720648?
False
Is 29327747 a multiple of 1716?
False
Is 353222610 a multiple of 40?
False
Does 1029 divide 2060345091?
True
Is 181341860 a multiple of 140?
True
Does 138 divide 1492607586?
True
Does 4375 divide 30839375?
True
Does 377 divide 1796198415?
False
Does 11 divide 3922413?
True
Is 15 a factor of 1060480804?
False
Is 4367587464 a multiple of 8518?
True
Does 6 divide 11962555?
False
Is 1952610429 a multiple of 561?
True
Does 56 divide 47018141?
False
Does 57 divide 14635721?
False
Is 2348960217 a multiple of 16084?
False
Is 3314 a factor of 63196851?
False
Is 10716939 a multiple of 10?
False
Does 41 divide 1150136346?
True
Is 4407 a factor of 1334047377?
True
Does 382 divide 17000719?
False
Is 264583536 a multiple of 1608?
True
Does 1904 divide 58862910?
False
Is 16 a factor of 40344976?
True
Is 2253440 a multiple of 640?
True
Does 84 divide 58234093?
False
Is 66 a factor of 103132194?
True
Is 8449619 a multiple of 3?
False
Does 12 divide 32558641?
False
Is 23 a factor of 5913798851?
False
Does 15 divide 136120275?
True
Does 600 divide 1130400?
True
Does 13 divide 357947778?
False
Is 144695730 a multiple of 1770?
True
Is 38044434 a multiple of 19?
False
Does 15 divide 1051647953?
False
Is 110703402 a multiple of 994?
False
Is 60702825 a multiple of 244?
False
Is 4195 a factor of 465426860?
True
Is 465369745 a multiple of 26?
False
Is 170795133 a multiple of 597?
True
Is 7571556 a multiple of 3?
True
Is 148 a factor of 12835811?
False
Does 525 divide 474410279?
False
Is 8515800 a multiple of 45?
True
Is 83897794 a multiple of 4?
False
Does 28 divide 175128101?
False
Is 1771 a factor of 178137806?
True
Is 32454240 a multiple of 480?
True
Is 959983 a multiple of 227?
True
Does 97 divide 63358754?
False
Is 5496 a factor of 959953344?
True
Is 434572364 a multiple of 156?
False
Does 443 divide 51390215?
True
Is 935932463 a multiple of 6387?
False
Is 651215128 a multiple of 138?
False
Does 8 divide 307954?
False
Does 11 divide 206258881?
False
Does 14 divide 53212442?
False
Is 38578653 a multiple of 9?
True
Does 1286 divide 22570586?
True
Is 639383825 a multiple of 4?
False
Is 1824828984 a multiple of 132?
True
Does 377 divide 66487720?
True
Does 4 divide 339675916?
True
Is 106522044 a multiple of 1812?
True
Is 1067 a factor of 757415591?
False
Does 24 divide 42824952?
True
Is 48 a factor of 144450380?
False
Is 72492010 a multiple of 160?
False
Is 527611121 a multiple of 79?
False
Is 5 a factor of 77580685?
True
Does 364 divide 21916440?
True
Does 5 divide 11461540?
True
Does 9 divide 391194684?
True
Is 416 a factor of 685609184?
True
Is 93635472 a multiple of 2009?
True
Is 448280773 a multiple of 53?
False
Is 3331542 a multiple of 401?
False
Is 8 a factor of 588167064?
True
Does 257 divide 23701385?
False
Is 1331170433 a multiple of 14?
False
Does 85 divide 2143020?
True
Is 31 a factor of 424427743?
False
Does 2873 divide 3172027586?
True
Is 67955865 a multiple of 37?
True
Is 152 a factor of 8956935?
False
Is 409635 a multiple of 28?
False
Is 611 a factor of 374638?
False
Is 11 a factor of 731898?
False
Is 3749 a factor of 710579579?
False
Is 45585601 a multiple of 37?
False
Does 17 divide 40590526?
True
Is 2063978784 a multiple of 6624?
True
Is 13 a factor of 78756216?
False
Is 2227 a factor of 111333331?
False
Does 50 divide 112715900?
True
Is 8 a factor of 149207112?
True
Is 80 a factor of 7557760?
True
Does 526 divide 906663570?
True
Is 214 a factor of 18358834?
False
Is 1846 a factor of 300010074?
True
Does 351 divide 188377439?
False
Is 16 a factor of 11732651?
False
Is 50742800 a multiple of 10?
True
Is 1473 a factor of 14646039?
True
Is 143177 a multiple of 26?
False
Is 10296943 a multiple of 327?
False
Is 11370955 a multiple of 77?
False
Is 25351618 a multiple of 351?
False
Is 17 a factor of 1085607335?
True
Is 99 a factor of 22761882?
True
Is 2590 a factor of 2084205514?
False
Is 2467165167 a multiple of 3804?
False
Does 92 divide 9237948?
False
Is 1108703792 a multiple of 49?
True
Is 36 a factor of 84356507?
False
Is 9715678 a multiple of 43?
True
Does 793 divide 17278677?
True
Is 396681761 a multiple of 7?
True
Is 2032566801 a multiple of 159?
True
Is 17 a factor of 250464009?
True
Does 3270 divide 85498863?
False
Is 3582509183 a multiple of 2753?
True
Is 3134 a factor of 1845826676?
False
Is 16605171 a multiple of 40?
False
Is 100 a factor of 3727180?
False
Is 473 a factor of 41265288?
False
Does 100 divide 3417806708?
False
Does 61 divide 106794469?
True
Is 2 a factor of 2661027?
False
Is 368842168 a multiple of 184?
True
Is 9 a factor of 1902032607?
False
Does 401 divide 312231432?
True
Does 1566 divide 51259878?
True
Does 12301 divide 3334980963?
False
Is 3 a factor of 49413960?
True
Is 595 a factor of 1587803910?
True
Is 28052488 a multiple of 8?
True
Does 24 divide 5937483?
False
Is 1210 a factor of 42242310?
True
Is 61168657 a multiple of 19?
True
Does 4270 divide 431265825?
False
Is 12815 a multiple of 53?
False
Does 1394 divide 63870292?
True
Is 245121639 a multiple of 803?
False
Is 576298826 a multiple of 196?
False
Is 102770094 a multiple of 4333?
True
Does 18 divide 141335838?
True
Does 6 divide 32516520?
True
Does 191 divide 1255402317?
True
Is 192 a factor of 315000384?
True
Is 23131158 a multiple of 56?
False
Does 23 divide 2858666?
False
Does 58 divide 1454695390?
True
Is 1950 a factor of 9104550?
True
Does 1321 divide 13380409?
True
Is 163 a factor of 927479920?
False
Is 169 a factor of 206267530?
False
Is 3028043021 a multiple of 15?
False
Is 3069306 a multiple of 54?
True
Does 76 divide 71263148?
True
Does 53 divide 2483907?
False
Does 856 divide 8284368?
True
Is 12 a factor of 123929484?
True
Is 1262 a factor of 110924606?
False
Does 17 divide 8693596?
True
Is 17 a factor of 7529198?
True
Is 337 a factor of 81114560?
False
Is 20 a factor of 101463704?
False
Is 10 a factor of 2613361765?
False
Is 27 a factor of 36290268?
True
Is 29 a factor of 11359358?
True
Is 1191 a factor of 1504529181?
False
Does 306 divide 2129852771?
False
Does 316 divide 101842961?
False
Is 48 a factor of 175579434?
False
Is 2 a factor of 324582067?
False
Is 4098353633 a multiple of 11?
True
Is 89 a factor of 4043703925?
False
Is 231218 a multiple of 3?
False
Does 20 divide 35708712?
False
Does 7 divide 70712265?
False
Is 258725 a multiple of 25?
True
Is 158517380 a multiple of 28?
True
Is 35738472 a multiple of 6?
True
Is 975050048 a multiple of 7?
True
Is 23 a factor of 564867787?
True
Does 38 divide 48827834?
True
Is 35 a factor of 150006136?
False
Is 47 a factor of 725846274?
False
Is 14006538 a multiple of 1326?
True
Is 2 a factor of 1234255?
False
Is 6363 a factor of 760279486?
False
Is 423792020 a multiple of 115?
True
Is 25669251 a multiple of 909?
True
Is 17461887 a multiple of 21?
False
Does 17 divide 174267294?
False
Is 2262 a factor of 11258